What is the ten thousands digit of 73686?
7
What is the tens digit of 13191625?
2
What is the tens digit of 55702?
0
What is the hundreds digit of 27688011?
0
What is the ten thousands digit of 4819582?
1
What is the units digit of 462187?
7
What is the thousands digit of 193896?
3
What is the millions digit of 5756734?
5
What is the units digit of 73996?
6
What is the thousands digit of 262848?
2
What is the hundreds digit of 225383?
3
What is the tens digit of 13120619?
1
What is the tens digit of 17420316?
1
What is the hundreds digit of 5209965?
9
What is the thousands digit of 308228?
8
What is the ten thousands digit of 928897?
2
What is the ten thousands digit of 434653?
3
What is the ten thousands digit of 152785?
5
What is the thousands digit of 252100?
2
What is the ten thousands digit of 922812?
2
What is the tens digit of 2023?
2
What is the ten thousands digit of 545904?
4
What is the tens digit of 182613?
1
What is the thousands digit of 557867?
7
What is the tens digit of 2617875?
7
What is the ten thousands digit of 3563188?
6
What is the thousands digit of 915900?
5
What is the units digit of 6628172?
2
What is the hundreds digit of 623963?
9
What is the hundred thousands digit of 9743943?
7
What is the units digit of 16337608?
8
What is the millions digit of 5689564?
5
What is the thousands digit of 1247?
1
What is the tens digit of 40674?
7
What is the ten thousands digit of 6349983?
4
What is the tens digit of 6386684?
8
What is the tens digit of 41962?
6
What is the hundreds digit of 193380?
3
What is the hundreds digit of 535336?
3
What is the hundreds digit of 2756918?
9
What is the units digit of 2178586?
6
What is the ten thousands digit of 252667?
5
What is the thousands digit of 9235683?
5
What is the hundreds digit of 3742431?
4
What is the hundreds digit of 1151285?
2
What is the units digit of 961634?
4
What is the ten thousands digit of 118486?
1
What is the thousands digit of 181390?
1
What is the thousands digit of 4964039?
4
What is the ten thousands digit of 5432394?
3
What is the thousands digit of 141956?
1
What is the millions digit of 12077827?
2
What is the units digit of 214702?
2
What is the ten thousands digit of 2087864?
8
What is the hundreds digit of 1899688?
6
What is the tens digit of 8527202?
0
What is the hundreds digit of 78800?
8
What is the millions digit of 9440569?
9
What is the tens digit of 109048?
4
What is the hundred thousands digit of 2565862?
5
What is the thousands digit of 2724147?
4
What is the ten thousands digit of 103026?
0
What is the units digit of 371092?
2
What is the hundreds digit of 31938178?
1
What is the hundred thousands digit of 153726?
1
What is the millions digit of 26345566?
6
What is the hundreds digit of 151100?
1
What is the hundred thousands digit of 345361?
3
What is the units digit of 4882646?
6
What is the units digit of 908282?
2
What is the thousands digit of 66487?
6
What is the thousands digit of 831230?
1
What is the tens digit of 856058?
5
What is the units digit of 956620?
0
What is the hundreds digit of 187625?
6
What is the units digit of 7057740?
0
What is the hundred thousands digit of 22767127?
7
What is the hundred thousands digit of 2805561?
8
What is the ten thousands digit of 63068?
6
What is the ten thousands digit of 350303?
5
What is the tens digit of 1696102?
0
What is the units digit of 78041?
1
What is the hundreds digit of 1249171?
1
What is the units digit of 391884?
4
What is the ten thousands digit of 1118959?
1
What is the thousands digit of 3523689?
3
What is the hundreds digit of 860741?
7
What is the units digit of 114403?
3
What is the hundreds digit of 1547520?
5
What is the units digit of 3553453?
3
What is the thousands digit of 11567842?
7
What is the tens digit of 73121?
2
What is the millions digit of 1460558?
1
What is the units digit of 2388161?
1
What is the ten thousands digit of 143862?
4
What is the tens digit of 3908532?
3
What is the ten thousands digit of 617944?
1
What is the millions digit of 1903788?
1
What is the hundred thousands digit of 633782?
6
What is the thousands digit of 3801399?
1
What is the ten thousands digit of 2567460?
6
What is the tens digit of 933885?
8
What is the ten thousands digit of 4966093?
6
What is the millions digit of 20201988?
0
What is the units digit of 83355?
5
What is the hundred thousands digit of 31171266?
1
What is the hundreds digit of 143436?
4
What is the hundred thousands digit of 414531?
4
What is the thousands digit of 319940?
9
What is the ten thousands digit of 14928?
1
What is the millions digit of 1594364?
1
What is the thousands digit of 1704771?
4
What is the tens digit of 3155103?
0
What is the thousands digit of 4210557?
0
What is the units digit of 6850792?
2
What is the hundreds digit of 4193241?
2
What is the hundreds digit of 870764?
7
What is the ten thousands digit of 214752?
1
What is the ten thousands digit of 642424?
4
What is the tens digit of 231900?
0
What is the ten thousands digit of 5407071?
0
What is the hundred thousands digit of 3404515?
4
What is the hundreds digit of 4260?
2
What is the tens digit of 1492916?
1
What is the tens digit of 152720?
2
What is the ten thousands digit of 8861536?
6
What is the ten thousands digit of 1035204?
3
What is the ten thousands digit of 797954?
9
What is the units digit of 4490547?
7
What is the hundreds digit of 3446173?
1
What is the units digit of 370470?
0
What is the units digit of 52144?
4
What is the ten thousands digit of 11585913?
8
What is the units digit of 40286?
6
What is the thousands digit of 6138741?
8
What is the hundreds digit of 6553933?
9
What is the ten thousands digit of 297383?
9
What is the units digit of 469278?
8
What is the thousands digit of 563077?
3
What is the units digit of 353306?
6
What is the tens digit of 493433?
3
What is the tens digit of 2164908?
0
What is the thousands digit of 246962?
6
What is the units digit of 267241?
1
What is the hundreds digit of 90602?
6
What is the ten thousands digit of 2500904?
0
What is the tens digit of 162397?
9
What is the units digit of 3980535?
5
What is the hundreds digit of 195913?
9
What is the thousands digit of 5773750?
3
What is the tens digit of 343481?
8
What is the hundred thousands digit of 308569?
3
What is the ten thousands digit of 4879816?
7
What is the millions digit of 6253523?
6
What is the hundreds digit of 28038981?
9
What is the units digit of 1298776?
6
What is the hundreds digit of 1376872?
8
What is the units digit of 7245973?
3
What is the units digit of 458148?
8
What is the hundreds digit of 1150377?
3
What is the units digit of 323609?
9
What is the ten thousands digit of 1621314?
2
What is the thousands digit of 45012?
5
What is the thousands digit of 84232?
4
What is the units digit of 76791?
1
What is the ten thousands digit of 770607?
7
What is the tens digit of 291093?
9
What is the units digit of 22342?
2
What is the tens digit of 1114591?
9
What is the thousands digit of 98826?
8
What is the millions digit of 1421038?
1
What is the units digit of 1308035?
5
What is the units digit of 40681574?
4
What is the millions digit of 1390761?
1
What is the tens digit of 262869?
6
What is the millions digit of 8830979?
8
What is the tens digit of 309439?
3
What is the ten thousands digit of 2297713?
9
What is the ten thousands digit of 1559915?
5
What is the units digit of 7075158?
8
What is the units digit of 13149736?
6
What is the hundred thousands digit of 1015304?
0
What is the hundred thousands digit of 13599643?
5
What is the ten thousands digit of 446275?
4
What is the tens digit of 18625940?
4
What is the units digit of 19618178?
8
What is the ten thousands digit of 9764431?
6
What is the tens digit of 362951?
5
What is the ten thousands digit of 106252?
0
What is the tens digit of 1270039?
3
What is the units digit of 1261193?
3
What is the ten millions digit of 13311899?
1
What is the units digit of 94528?
8
What is the hundred thousands digit of 313886?
3
What is the thousands digit of 828772?
8
What is the hundreds digit of 114245?
2
What is the hundreds digit of 2444630?
6
What is the thousands digit of 24582?
4
What is the millions digit of 10511681?
0
What is the hundreds digit of 127762